 t, -x + 8 = -2*a. List the prime factors of x.
2, 3
Let n(q) be the second derivative of -q**3/3 - 3*q. List the prime factors of n(-3).
2, 3
Suppose -4*m - 80 = -4*c - 28, -57 = -5*c + m. Suppose 3*t = -2*n + 21, -2*n - 27 = -3*t - 6*n. Suppose -t*q = -c + 1. What are the prime factors of q?
2
Let y = 30 + -15. Let u = y + -10. Suppose 9 = u*r - 31. What are the prime factors of r?
2
Suppose 4*g - 5*x = 104, 2*g = -5*x + 24 - 2. List the prime factors of g.
3, 7
Suppose 7*c = 84 + 133. List the prime factors of c.
31
Let i be (-4)/((2 - -1)/12). Let v = -10 - i. What are the prime factors of v?
2, 3
Let t be (126/49)/((-6)/(-28)). Let n = t - 4. List the prime factors of n.
2
Let n(l) = -l + 1. Let p be n(1). Let a(f) = -f**2 - 11*f - 20. Let k be a(-9). List the prime factors of 9 - (k + p)/(-2).
2
Let h(o) = -13*o + 1. What are the prime factors of h(-2)?
3
Let d(a) = 2*a + 4. Let h(j) = 1. Let q(m) = -d(m) + 2*h(m). Let v be q(-6). What are the prime factors of 47/5 - 4/v?
3
Let w = -1 - -6. Suppose 5*p + w = 0, 3*x - 5*p + 18 = -7. List the prime factors of x*4/((-24)/9).
3, 5
Suppose v - 49 = -2*n + 6*n, -4*v + 140 = -2*n. What are the prime factors of v?
3, 11
Suppose 5*c = -2*q + 531, 2*q - 829 = -q - c. What are the prime factors of q?
2, 139
Let v be (11 + 1)*(-2)/(-3). Let y = v - -6. What are the prime factors of y?
2, 7
Let k(w) = -w**2 + 8*w. List the prime factors of k(7).
7
Let j be (3/2)/(3/100). Suppose -2*n - j = -7*n. What are the prime factors of n?
2, 5
Suppose 0 = -0*l - 5*l - 2*k, l - 2*k = 12. Suppose -3*x + 150 = l*x. List the prime factors of x.
2, 3, 5
Suppose 0 = m + 4*b - 65, 0*m + 152 = 2*m - 3*b. What are the prime factors of m?
73
Let p be (0/(-5))/(2*-1). Suppose -2*d = -p*d - 58. What are the prime factors of d?
29
Let w = 24 + -17. Suppose -w + 1 = 3*n, 4*n - 13 = 3*v. Let i = 13 - v. What are the prime factors of i?
2, 5
Let p = -2 - -2. Suppose x + 2*i + 0*i - 15 = p, i + 20 = 2*x. Suppose 4*g = x + 9. List the prime factors of g.
5
Let t = 28 + -15. List the prime factors of t.
13
Let j(u) = -u**3 - 2*u**2 + u + 4. What are the prime factors of j(-3)?
2, 5
Let y = 27 - 15. Let a = 21 - y. What are the prime factors of ((-6)/a)/(4/(-18))?
3
Suppose -b - 57 = -9. What are the prime factors of 2/2*(-10 - b)?
2, 19
Suppose 3*t + g - 372 = 0, -8*t + 624 = -3*t + 3*g. List the prime factors of t.
3, 41
Suppose d = -0*d + 11. Let s = d - -45. List the prime factors of s.
2, 7
Let r(v) = -v**2 + 6*v + 7. Let a be r(7). Suppose 18 = 3*f - 2*k, a = -5*f + k + 3*k + 30. What are the prime factors of f?
2, 3
Suppose 0 = f + f - 4*k + 8, 3*f = -5*k + 10. List the prime factors of 39/((-3)/(-3) - f).
3, 13
Let i(h) = -h**3 + 15*h**2 - 12*h + 6. What are the prime factors of i(14)?
2, 17
Suppose 0 = 2*t - 5*t + 6. Let j(c) = 4*c - 6*c + 3*c - 3 + 3*c**2 - t*c**2. List the prime factors of j(-4).
3
Let a(x) = -x**2 - x + 31. Let h be a(0). Let b = 44 - h. List the prime factors of b.
13
Let q be -1*18 - 4/(-2). Let c = -11 + 3. What are the prime factors of (-38)/c - 4/q?
5
List the prime factors of 2/(-4) + 75/2.
37
Suppose 0 = 3*q - 5*a + 12 + 17, 2*a + 30 = -2*q. Suppose 5*h - 4*s + 19 = 0, -s = -3*h + 4*h + 11. Let u = h - q. What are the prime factors of u?
2, 3
Let j(l) be the first derivative of 4 - 3*l**2 - 4*l + 1/3*l**3. What are the prime factors of j(8)?
2, 3
Let r be 1/(-4) - 25/(-4). Let y(i) = 3*i - 1 + 1 - 5. List the prime factors of y(r).
13
Let z(d) = -11*d - 1. Let s be z(1). Suppose 4*u + 2*o + 72 = 4*o, -4*u + 3*o - 74 = 0. Let k = s - u. What are the prime factors of k?
5
What are the prime factors of 2/(4/(-5))*378/(-45)?
3, 7
Let a be -1*(0/3 - 4). Suppose -a*p + 34 = 14. Suppose -1 - 9 = -o + 5*h, 23 = p*o + 2*h. List the prime factors of o.
5
Suppose -6*w + 3 = -3*w. Let r(z) = 53*z**3 - 2*z**2 + z. Let y be r(w). Suppose 4*l - y = 4*v, -33 + 85 = 4*l + 2*v. What are the prime factors of l?
13
Let k(c) be the third derivative of -c**5/60 + c**4/24 + 7*c**3/3 - 3*c**2. What are the prime factors of k(0)?
2, 7
Let w = 334 - 157. List the prime factors of w.
3, 59
Let b(a) = 37*a**2. Suppose 2*f = f - 2*c + 11, 2*c - 8 = 2*f. Let y be b(f). Suppose -y = -5*z + 18. What are the prime factors of z?
11
Let y(j) = -j**3 + 3*j**2 + 3*j + 1. Let f be y(4). Let p = 9 + f. Let c = p - 2. What are the prime factors of c?
2
Let i = -2 - -1. Let z(x) = -x + 3. Let g(w) = 3*w - 7. Let a(d) = -6*g(d) - 14*z(d). List the prime factors of a(i).
2
Let a = 9 - -1. What are the prime factors of a?
2, 5
Suppose 3*k - 6 = -0. Suppose x + 3 = -k. What are the prime factors of (-1)/(2 + x/2)?
2
Suppose 5*c - 342 = 2*c. List the prime factors of c.
2, 3, 19
Let b = -2 + 3. Let u(z) = -18*z**3 + 2*z - 1. Let l be u(b). Let t = -7 - l. What are the prime factors of t?
2, 5
Suppose 2*v + 0 + 6 = 0. Let a(c) = 2*c**2 + 5*c + 4. List the prime factors of a(v).
7
Let s(t) = -t**3 - t**2 - 3*t - 1. What are the prime factors of s(-2)?
3
Let w = -6 - -9. Suppose -l = 1 + w. List the prime factors of (-7 - l) + 2*3.
3
Let l(x) = -3*x**3 + x**2 - x - 1. Let k be l(-1). Suppose -r - 12 = -k*h, 0 = 4*h - 0*r - 5*r - 28. List the prime factors of h.
2
Let w(m) = -m**3 + 5*m**2 - 5*m + 4. List the prime factors of w(3).
7
Let d be (8/(-1))/(4/6). Let q be ((-1)/1)/(4/d). Suppose -a + 24 = q*k, -3*k - a + 15 = -k. What are the prime factors of k?
3
Let b(s) = -s**3 + 6*s**2 + 2*s + 4. Let t be b(6). Suppose 3*u - 68 = t. Let w = u - 17. List the prime factors of w.
11
Suppose 4*w = m + 2*m - 19, -5*m + 3*w + 17 = 0. Suppose -5*u + m + 17 = -2*j, -5*j = -u - 1. What are the prime factors of j/5 + (-38)/(-10)?
2
Let t = -6 - -11. Suppose 6*i = 2*i + 104. Suppose t*s + 4 + i = 5*v, s = 2*v - 9. List the prime factors of v.
3
Let y(f) = f + 0*f**2 + 6*f**2 + 2 + 2*f. List the prime factors of y(-2).
2, 5
Let a(b) = 8*b**2 - b - 1. Let t be a(-1). Let v(k) = -k**3 + 8*k**2 + 3. Let w be v(t). Suppose -w*q + 25 = 2*q. List the prime factors of q.
5
Suppose -18 = h - 84. What are the prime factors of h?
2, 3, 11
Let h be 6/24 + (-27)/(-4). Let o = h + 20. List the prime factors of o.
3
Let c be 1/4 + (-3)/(-4). Let p(q) = -c - 5*q + 4*q + 4. List the prime factors of p(-4).
7
Suppose -u + 4*u - 1 = -d, -22 = -2*d - u. What are the prime factors of d?
13
What are the prime factors of 363/3 - (-36)/9?
5
Suppose 0 = -4*b + 8*b - 308. What are the prime factors of b?
7, 11
Let d = 25 + 2. List the prime factors of d.
3
List the prime factors of (6/5)/(24/800).
2, 5
What are the prime factors of -405*(20/(-15) - -1)?
3, 5
Suppose 0 = -2*s - m - 14, -3*m - m - 16 = 0. Let a be (-2)/(-5) + (-128)/s. Suppose -a = -4*y - 3*t + 5*t, 4*t - 2 = 2*y. What are the prime factors of y?
3
Let p(d) = 2*d**2 + 4. What are the prime factors of p(-5)?
2, 3
Let r(t) = t**3 - 3*t**2 + 2*t + 1. Suppose 0 = 2*p - z - 10, z = -3*p + 5*z + 25. List the prime factors of r(p).
7
Let h = -19 + 17. What are the prime factors of (-22)/8*(h - 6)?
2, 11
Suppose 56 = 4*c - 36. List the prime factors of c.
23
Suppose -4*y = -22 - 146. List the prime factors of y.
2, 3, 7
Let d(l) = l - 2. Let x be d(4). Suppose -5*q + 2*k = -72, -4*q + 2*k = -60 + x. What are the prime factors of q?
2, 7
Suppose 19 - 1 = 3*d. List the prime factors of (d - 4)*54/4.
3
Suppose 80 = 18*k - 14*k. List the prime factors of k.
2, 5
Suppose -7*d + 575 = -2*d. Suppose -2*w - 3*w + d = 0. What are the prime factors of w?
23
Let m(a) = -a**2 + 3*a + 3. Let l be m(3). Let r(s) = 2*s - 1. Let o be r(l). Suppose -o*c = -2*c - 21. What are the prime factors of c?
7
Let w be (-45)/(-5) + -3*1. Suppose -3*o + w*o + d - 42 = 0, o - 2*d = 7. List the prime factors of o.
13
Let x(z) be the first derivative of -z**2/2 + 6*z - 1. Let f be x(6). Suppose 25 = 2*v - y, f = v - y - 12 + 2. List the prime factors of v.
3, 5
Suppose 0*q + 3*q = 0. Suppose -2*i + 104 = -q*i. What are the prime factors of i?
2, 13
List the prime factors of 298/(-1*(1 - 3)).
149
List the prime factors of 76 + (-1)/(2/6).
73
Suppose 0 = 3*l + 3*z, 5*l - 2*l + 5*z = 8. Let x be l/18 - 681/(-27). Suppose -u = -h - 13, 4*h + h + x = u. List the prime factors of u.
2, 5
Suppose -3*z = 5*a - 32, z - 28 = -5*a - z. Suppose -3*n + a*n = 4. L